6905.
5, 181, 37201
List the prime factors of 1056042572.
2, 13, 19, 419, 2551
What are the prime factors of 103862953?
103862953
What are the prime factors of 319328806?
2, 159664403
What are the prime factors of 247507270?
2, 5, 24750727
List the prime factors of 2195988817.
11, 1019, 195913
List the prime factors of 1034524.
2, 258631
List the prime factors of 75802471.
31, 2445241
List the prime factors of 65805261.
3, 2129, 10303
What are the prime factors of 1000840721?
29, 34511749
List the prime factors of 1530489244.
2, 131, 349, 8369
What are the prime factors of 3199191422?
2, 7, 228513673
List the prime factors of 80201931.
3, 26733977
List the prime factors of 3811432981.
31, 59, 2083889
List the prime factors of 486685523.
31, 83, 189151
List the prime factors of 43240099.
7, 882451
What are the prime factors of 274849268?
2, 17, 167, 24203
What are the prime factors of 4850245765?
5, 149, 6510397
What are the prime factors of 772615047?
3, 15581, 16529
List the prime factors of 3382421156.
2, 37, 617681
What are the prime factors of 255418837?
373, 684769
List the prime factors of 3733528.
2, 593, 787
List the prime factors of 51588019.
7, 1423, 5179
List the prime factors of 23075258.
2, 163, 70783
What are the prime factors of 766143563?
766143563
List the prime factors of 24089528.
2, 3011191
List the prime factors of 15664094.
2, 19, 412213
What are the prime factors of 2171038810?
2, 5, 31, 7003351
What are the prime factors of 659047809?
3, 7, 31383229
What are the prime factors of 6541892124?
2, 3, 431, 1264867
List the prime factors of 325534126.
2, 47, 1031, 3359
List the prime factors of 1637998217.
1471, 1113527
What are the prime factors of 5413035777?
3, 701, 1009, 2551
What are the prime factors of 47063488?
2, 735367
What are the prime factors of 11751578?
2, 739, 7951
List the prime factors of 105679818.
2, 3, 173, 33937
What are the prime factors of 53308518?
2, 3, 199, 44647
List the prime factors of 3591586012.
2, 7, 1499, 85571
List the prime factors of 5136296065.
5, 47, 21856579
List the prime factors of 329939666.
2, 7, 23567119
What are the prime factors of 811188860?
2, 5, 103, 379, 1039
What are the prime factors of 7200177478?
2, 13, 29, 9549307
What are the prime factors of 330791130?
2, 3, 5, 71, 51767
List the prime factors of 1273334284.
2, 11329, 28099
List the prime factors of 651825508.
2, 1297, 125641
List the prime factors of 12972005.
5, 701, 3701
What are the prime factors of 57577167?
3, 6397463
What are the prime factors of 290631190?
2, 5, 1087, 26737
List the prime factors of 5530991344.
2, 17, 59, 344653
What are the prime factors of 70030469?
23, 3044803
List the prime factors of 351095717.
7, 383, 130957
What are the prime factors of 65635565?
5, 13127113
List the prime factors of 64964559.
3, 11, 157, 12539
What are the prime factors of 55598795?
5, 7, 83, 19139
What are the prime factors of 2266025494?
2, 53, 21377599
What are the prime factors of 342318261?
3, 114106087
What are the prime factors of 57174997?
11, 5197727
List the prime factors of 91919674.
2, 7, 11, 569, 1049
What are the prime factors of 22124224?
2, 37, 9343
What are the prime factors of 132036465?
3, 5, 11, 800221
What are the prime factors of 2841946081?
13, 16816249
What are the prime factors of 2487942089?
379, 751, 8741
What are the prime factors of 4682784236?
2, 13, 31, 313, 9281
List the prime factors of 155593651.
43, 3618457
List the prime factors of 5417172146.
2, 37, 73205029
List the prime factors of 39919007.
23, 43, 181, 223
List the prime factors of 144136599.
3, 48045533
List the prime factors of 855354035.
5, 251, 681557
List the prime factors of 318071662.
2, 181, 878651
List the prime factors of 1473311012.
2, 29, 271, 46867
List the prime factors of 210255684.
2, 3, 29, 509, 1187
What are the prime factors of 1205161394?
2, 31, 19438087
List the prime factors of 120140624.
2, 31, 43, 131
What are the prime factors of 198530724?
2, 3, 7, 2363461
What are the prime factors of 1412455211?
281, 5026531
List the prime factors of 23911412.
2, 7, 121997
List the prime factors of 40158979.
7, 73, 103, 109
What are the prime factors of 93281632?
2, 29, 100519
What are the prime factors of 433632740?
2, 5, 139, 151, 1033
List the prime factors of 2195963058.
2, 3, 31, 163, 72431
What are the prime factors of 315657542?
2, 353, 447107
What are the prime factors of 124732988?
2, 41, 760567
List the prime factors of 97324935.
3, 5, 19, 341491
What are the prime factors of 100970130?
2, 3, 5, 3365671
What are the prime factors of 21963111?
3, 61, 120017
List the prime factors of 160347746.
2, 13, 6167221
What are the prime factors of 154840236?
2, 3, 367, 35159
What are the prime factors of 41572691?
41572691
List the prime factors of 4793541224.
2, 137, 271, 16139
List the prime factors of 632960700.
2, 3, 5, 2109869
What are the prime factors of 19977990?
2, 3, 5, 59, 11287
What are the prime factors of 1634605719?
3, 409, 521, 2557
What are the prime factors of 55612176?
2, 3, 1158587
What are the prime factors of 1098753497?
163, 6740819
What are the prime factors of 18438606?
2, 3, 29, 35323
What are the prime factors of 821795456?
2, 37, 73, 2377
List the prime factors of 1535092634.
2, 23, 33371579
What are the prime factors of 598881694?
2, 113, 269, 9851
List the prime factors of 35590748.
2, 8897687
List the prime factors of 214230352.
2, 7, 273253
What are the prime factors of 44017552?
2, 43, 137, 467
List the prime factors of 179566419.
3, 3847, 15559
What are the prime factors of 469953856?
2, 241, 30469
List the prime factors of 294507863.
13, 109, 307, 677
List the prime factors of 231780260.
2, 5, 11589013
List the prime factors of 198960882.
2, 3, 5351, 6197
What are the prime factors of 3451172999?
3451172999
What are the prime factors of 52314194?
2, 193, 313, 433
What are the prime factors of 6454094363?
19, 79, 4299863
List the prime factors of 13394669.
607, 22067
What are the prime factors of 265678118?
2, 211, 629569
List the prime factors of 677627510.
2, 5, 7, 9680393
List the prime factors of 658746525.
3, 5, 73, 120319
What are the prime factors of 38352330?
2, 3, 5, 239, 1783
List the prime factors of 599217979.
2591, 231269
List the prime factors of 4141392528.
2, 3, 7, 13, 491, 1931
What are the prime factors of 68725555?
5, 2411, 5701
List the prime factors of 5801267838.
2, 3, 966877973
List the prime factors of 105596421.
3, 7, 718343
List the prime factors of 41053913.
41053913
What are the prime factors of 889320045?
3, 5, 2039, 29077
List the prime factors of 151513918.
2, 4817, 15727
List the prime factors of 23262060.
2, 3, 5, 29, 461
List the prime factors of 74163730.
2, 5, 23, 29, 11119
What are the prime factors of 345091025?
5, 307, 44963
What are the prime factors of 129150808?
2, 67, 240953
What are the prime factors of 99435176?
2, 17, 731141
List the prime factors of 59768427.
3, 877, 22717
What are the prime factors of 3045320863?
13, 911, 257141
List the prime factors of 99031320.
2, 3, 5, 275087
List the prime factors of 338659360.
2, 5, 13, 23, 7079
List the prime factors of 43864690.
2, 5, 31, 141499
List the prime factors of 911855727.
3, 101317303
List the prime factors of 3048101024.
2, 929, 102533
List the prime factors of 4879041970.
2, 5, 11, 2341, 18947
What are the prime factors of 200709206?
2, 100354603
What are the prime factors of 7154950569?
3, 13, 67, 97, 28229
List the prime factors of 871814087.
871814087
What are the prime factors of 1472237066?
2, 736118533
What are the prime factors of 72381617?
7, 11, 73, 79, 163
What are the prime factors of 86973231?
3, 2659, 10903
List the prime factors of 726519611.
726519611
What are the prime factors of 2293024458?
2, 3, 37, 10328939
What are the prime factors of 26995628?
2, 11, 127, 4831
List the prime factors of 205959320.
2, 5, 7, 79, 9311
What are the prime factors of 46613628?
2, 3, 1294823
List the prime factors of 152209189.
11, 631, 21929
What are the prime factors of 2383550170?
2, 5, 41, 5813537
List the prime factors of 175796994.
2, 3, 71, 73, 5653
What are the prime factors of 86740835?
5, 17348167
List the prime factors of 171230795.
5, 1663, 20593
What are the prime factors